{"id":629,"date":"2021-10-12T01:26:47","date_gmt":"2021-10-12T01:26:47","guid":{"rendered":"https:\/\/phuketfresh.com\/?page_id=629"},"modified":"2026-02-03T15:14:50","modified_gmt":"2026-02-03T15:14:50","slug":"coffee","status":"publish","type":"page","link":"https:\/\/phuketfresh.com\/esp\/coffee\/","title":{"rendered":"Caf\u00e9"},"content":{"rendered":"<div data-elementor-type=\"wp-page\" data-elementor-id=\"629\" class=\"elementor elementor-629\">\n\t\t\t\t\t\t<section class=\"elementor-section elementor-top-section elementor-element elementor-element-3516547 elementor-section-boxed elementor-section-height-default elementor-section-height-default\" data-id=\"3516547\" data-element_type=\"section\" data-e-type=\"section\">\n\t\t\t\t\t\t<div class=\"elementor-container elementor-column-gap-default\">\n\t\t\t\t\t<div class=\"elementor-column elementor-col-100 elementor-top-column elementor-element elementor-element-6ce5b07\" data-id=\"6ce5b07\" data-element_type=\"column\" data-e-type=\"column\">\n\t\t\t<div class=\"elementor-widget-wrap elementor-element-populated\">\n\t\t\t\t\t\t<div class=\"elementor-element elementor-element-73f7a98 elementor-button-info elementor-align-left elementor-widget elementor-widget-button\" data-id=\"73f7a98\" data-element_type=\"widget\" data-e-type=\"widget\" data-widget_type=\"button.default\">\n\t\t\t\t<div class=\"elementor-widget-container\">\n\t\t\t\t\t\t\t\t\t<div class=\"elementor-button-wrapper\">\n\t\t\t\t\t<a class=\"elementor-button elementor-button-link elementor-size-sm\" href=\"http:\/\/phuketfresh.com\/esp\/#products\">\n\t\t\t\t\t\t<span class=\"elementor-button-content-wrapper\">\n\t\t\t\t\t\t<span class=\"elementor-button-icon\">\n\t\t\t\t<i aria-hidden=\"true\" class=\"icon icon-left-arrow\"><\/i>\t\t\t<\/span>\n\t\t\t\t\t\t\t\t\t<span class=\"elementor-button-text\">Regresar a Productos<\/span>\n\t\t\t\t\t<\/span>\n\t\t\t\t\t<\/a>\n\t\t\t\t<\/div>\n\t\t\t\t\t\t\t\t<\/div>\n\t\t\t\t<\/div>\n\t\t\t\t\t<\/div>\n\t\t<\/div>\n\t\t\t\t\t<\/div>\n\t\t<\/section>\n\t\t\t\t<section class=\"elementor-section elementor-top-section elementor-element elementor-element-4d1b3aaf elementor-hidden-mobile elementor-section-boxed elementor-section-height-default elementor-section-height-default\" data-id=\"4d1b3aaf\" data-element_type=\"section\" data-e-type=\"section\">\n\t\t\t\t\t\t<div class=\"elementor-container elementor-column-gap-default\">\n\t\t\t\t\t<div class=\"elementor-column elementor-col-25 elementor-top-column elementor-element elementor-element-2738d57b\" data-id=\"2738d57b\" data-element_type=\"column\" data-e-type=\"column\">\n\t\t\t<div class=\"elementor-widget-wrap\">\n\t\t\t\t\t\t\t<\/div>\n\t\t<\/div>\n\t\t\t\t<div class=\"elementor-column elementor-col-50 elementor-top-column elementor-element elementor-element-7ea676e\" data-id=\"7ea676e\" data-element_type=\"column\" data-e-type=\"column\" data-settings=\"{&quot;background_background&quot;:&quot;classic&quot;}\">\n\t\t\t<div class=\"elementor-widget-wrap elementor-element-populated\">\n\t\t\t\t\t<div class=\"elementor-background-overlay\"><\/div>\n\t\t\t\t\t\t<div class=\"elementor-element elementor-element-4fbae71e elementor-widget-divider--view-line_text elementor-widget-divider--element-align-center elementor-widget elementor-widget-divider\" data-id=\"4fbae71e\" data-element_type=\"widget\" data-e-type=\"widget\" data-widget_type=\"divider.default\">\n\t\t\t\t<div class=\"elementor-widget-container\">\n\t\t\t\t\t\t\t<div class=\"elementor-divider\">\n\t\t\t<span class=\"elementor-divider-separator\">\n\t\t\t\t\t\t\t<span class=\"elementor-divider__text elementor-divider__element\">\n\t\t\t\tCaf\u00e9\t\t\t\t<\/span>\n\t\t\t\t\t\t<\/span>\n\t\t<\/div>\n\t\t\t\t\t\t<\/div>\n\t\t\t\t<\/div>\n\t\t\t\t\t<\/div>\n\t\t<\/div>\n\t\t\t\t<div class=\"elementor-column elementor-col-25 elementor-top-column elementor-element elementor-element-38fe5d1e\" data-id=\"38fe5d1e\" data-element_type=\"column\" data-e-type=\"column\">\n\t\t\t<div class=\"elementor-widget-wrap\">\n\t\t\t\t\t\t\t<\/div>\n\t\t<\/div>\n\t\t\t\t\t<\/div>\n\t\t<\/section>\n\t\t\t\t<section class=\"elementor-section elementor-top-section elementor-element elementor-element-f5bea33 elementor-section-boxed elementor-section-height-default elementor-section-height-default\" data-id=\"f5bea33\" data-element_type=\"section\" data-e-type=\"section\">\n\t\t\t\t\t\t<div class=\"elementor-container elementor-column-gap-default\">\n\t\t\t\t\t<div class=\"elementor-column elementor-col-100 elementor-top-column elementor-element elementor-element-bcc3941 elementor-hidden-desktop elementor-hidden-tablet\" data-id=\"bcc3941\" data-element_type=\"column\" data-e-type=\"column\" data-settings=\"{&quot;background_background&quot;:&quot;classic&quot;}\">\n\t\t\t<div class=\"elementor-widget-wrap elementor-element-populated\">\n\t\t\t\t\t<div class=\"elementor-background-overlay\"><\/div>\n\t\t\t\t\t\t<div class=\"elementor-element elementor-element-23b4cc06 elementor-widget elementor-widget-heading\" data-id=\"23b4cc06\" data-element_type=\"widget\" data-e-type=\"widget\" data-widget_type=\"heading.default\">\n\t\t\t\t<div class=\"elementor-widget-container\">\n\t\t\t\t\t<h2 class=\"elementor-heading-title elementor-size-default\">Caf\u00e9<\/h2>\t\t\t\t<\/div>\n\t\t\t\t<\/div>\n\t\t\t\t\t<\/div>\n\t\t<\/div>\n\t\t\t\t\t<\/div>\n\t\t<\/section>\n\t\t\t\t<section class=\"elementor-section elementor-top-section elementor-element elementor-element-ec89589 elementor-section-boxed elementor-section-height-default elementor-section-height-default\" data-id=\"ec89589\" data-element_type=\"section\" data-e-type=\"section\">\n\t\t\t\t\t\t<div class=\"elementor-container elementor-column-gap-default\">\n\t\t\t\t\t<div class=\"elementor-column elementor-col-100 elementor-top-column elementor-element elementor-element-50bf749\" data-id=\"50bf749\" data-element_type=\"column\" data-e-type=\"column\">\n\t\t\t<div class=\"elementor-widget-wrap elementor-element-populated\">\n\t\t\t\t\t\t<div class=\"elementor-element elementor-element-2ad4732 elementor-widget elementor-widget-image\" data-id=\"2ad4732\" data-element_type=\"widget\" data-e-type=\"widget\" data-widget_type=\"image.default\">\n\t\t\t\t<div class=\"elementor-widget-container\">\n\t\t\t\t\t\t\t\t\t\t\t\t\t\t\t<img fetchpriority=\"high\" decoding=\"async\" width=\"3000\" height=\"1200\" src=\"https:\/\/phuketfresh.com\/wp-content\/uploads\/2021\/10\/Coffee-group-2.png\" class=\"attachment-full size-full wp-image-823\" alt=\"\" srcset=\"https:\/\/phuketfresh.com\/wp-content\/uploads\/2021\/10\/Coffee-group-2.png 3000w, https:\/\/phuketfresh.com\/wp-content\/uploads\/2021\/10\/Coffee-group-2-300x120.png 300w, https:\/\/phuketfresh.com\/wp-content\/uploads\/2021\/10\/Coffee-group-2-1024x410.png 1024w, https:\/\/phuketfresh.com\/wp-content\/uploads\/2021\/10\/Coffee-group-2-768x307.png 768w, https:\/\/phuketfresh.com\/wp-content\/uploads\/2021\/10\/Coffee-group-2-1536x614.png 1536w, https:\/\/phuketfresh.com\/wp-content\/uploads\/2021\/10\/Coffee-group-2-2048x819.png 2048w, https:\/\/phuketfresh.com\/wp-content\/uploads\/2021\/10\/Coffee-group-2-18x7.png 18w\" sizes=\"(max-width: 3000px) 100vw, 3000px\" \/>\t\t\t\t\t\t\t\t\t\t\t\t\t\t\t<\/div>\n\t\t\t\t<\/div>\n\t\t\t\t\t<\/div>\n\t\t<\/div>\n\t\t\t\t\t<\/div>\n\t\t<\/section>\n\t\t\t\t<section class=\"elementor-section elementor-top-section elementor-element elementor-element-4c22e6c8 elementor-section-content-middle elementor-section-boxed elementor-section-height-default elementor-section-height-default\" data-id=\"4c22e6c8\" data-element_type=\"section\" data-e-type=\"section\">\n\t\t\t\t\t\t<div class=\"elementor-container elementor-column-gap-default\">\n\t\t\t\t\t<div class=\"elementor-column elementor-col-100 elementor-top-column elementor-element elementor-element-5fd82a98\" data-id=\"5fd82a98\" data-element_type=\"column\" data-e-type=\"column\">\n\t\t\t<div class=\"elementor-widget-wrap elementor-element-populated\">\n\t\t\t\t\t\t<div class=\"elementor-element elementor-element-44516cfb elementor-widget elementor-widget-heading\" data-id=\"44516cfb\" data-element_type=\"widget\" data-e-type=\"widget\" data-widget_type=\"heading.default\">\n\t\t\t\t<div class=\"elementor-widget-container\">\n\t\t\t\t\t<h3 class=\"elementor-heading-title elementor-size-default\">Caf\u00e9 en grano entero<\/h3>\t\t\t\t<\/div>\n\t\t\t\t<\/div>\n\t\t\t\t<div class=\"elementor-element elementor-element-a52e3b6 elementor-widget elementor-widget-text-editor\" data-id=\"a52e3b6\" data-element_type=\"widget\" data-e-type=\"widget\" data-widget_type=\"text-editor.default\">\n\t\t\t\t<div class=\"elementor-widget-container\">\n\t\t\t\t\t\t\t\t\t<h5 class=\"p1\">Peso Neto 15.63 oz (443 g)<\/h5>\t\t\t\t\t\t\t\t<\/div>\n\t\t\t\t<\/div>\n\t\t\t\t<div class=\"elementor-element elementor-element-84ff8ce elementor-widget-divider--view-line elementor-widget elementor-widget-divider\" data-id=\"84ff8ce\" data-element_type=\"widget\" data-e-type=\"widget\" data-widget_type=\"divider.default\">\n\t\t\t\t<div class=\"elementor-widget-container\">\n\t\t\t\t\t\t\t<div class=\"elementor-divider\">\n\t\t\t<span class=\"elementor-divider-separator\">\n\t\t\t\t\t\t<\/span>\n\t\t<\/div>\n\t\t\t\t\t\t<\/div>\n\t\t\t\t<\/div>\n\t\t\t\t<div class=\"elementor-element elementor-element-6f1655d0 elementor-widget elementor-widget-text-editor\" data-id=\"6f1655d0\" data-element_type=\"widget\" data-e-type=\"widget\" data-widget_type=\"text-editor.default\">\n\t\t\t\t<div class=\"elementor-widget-container\">\n\t\t\t\t\t\t\t\t\t<p class=\"p1\"><strong>Regiones<\/strong><br \/>Antigua Guatemala, Cob\u00e1n, Huehuetenango, Atitl\u00e1n, Acatenango<\/p>\t\t\t\t\t\t\t\t<\/div>\n\t\t\t\t<\/div>\n\t\t\t\t<div class=\"elementor-element elementor-element-74e93192 elementor-widget-divider--view-line elementor-widget elementor-widget-divider\" data-id=\"74e93192\" data-element_type=\"widget\" data-e-type=\"widget\" data-widget_type=\"divider.default\">\n\t\t\t\t<div class=\"elementor-widget-container\">\n\t\t\t\t\t\t\t<div class=\"elementor-divider\">\n\t\t\t<span class=\"elementor-divider-separator\">\n\t\t\t\t\t\t<\/span>\n\t\t<\/div>\n\t\t\t\t\t\t<\/div>\n\t\t\t\t<\/div>\n\t\t\t\t<div class=\"elementor-element elementor-element-781058d0 elementor-widget elementor-widget-text-editor\" data-id=\"781058d0\" data-element_type=\"widget\" data-e-type=\"widget\" data-widget_type=\"text-editor.default\">\n\t\t\t\t<div class=\"elementor-widget-container\">\n\t\t\t\t\t\t\t\t\t<p>100% natural - Sin OMG<\/p>\t\t\t\t\t\t\t\t<\/div>\n\t\t\t\t<\/div>\n\t\t\t\t<div class=\"elementor-element elementor-element-237ec5cd elementor-widget elementor-widget-text-editor\" data-id=\"237ec5cd\" data-element_type=\"widget\" data-e-type=\"widget\" data-widget_type=\"text-editor.default\">\n\t\t\t\t<div class=\"elementor-widget-container\">\n\t\t\t\t\t\t\t\t\t<p>Bolsa Retail<\/p>\t\t\t\t\t\t\t\t<\/div>\n\t\t\t\t<\/div>\n\t\t\t\t<div class=\"elementor-element elementor-element-4be7b839 elementor-widget elementor-widget-text-editor\" data-id=\"4be7b839\" data-element_type=\"widget\" data-e-type=\"widget\" data-widget_type=\"text-editor.default\">\n\t\t\t\t<div class=\"elementor-widget-container\">\n\t\t\t\t\t\t\t\t\t<p><strong>Presentaciones disponibles (gr)<br \/><\/strong>50 \/ 175 \/ 350 \/ 443<\/p>\t\t\t\t\t\t\t\t<\/div>\n\t\t\t\t<\/div>\n\t\t\t\t\t<\/div>\n\t\t<\/div>\n\t\t\t\t\t<\/div>\n\t\t<\/section>\n\t\t\t\t<section class=\"elementor-section elementor-top-section elementor-element elementor-element-2a9f75f1 elementor-section-boxed elementor-section-height-default elementor-section-height-default\" data-id=\"2a9f75f1\" data-element_type=\"section\" data-e-type=\"section\">\n\t\t\t\t\t\t<div class=\"elementor-container elementor-column-gap-default\">\n\t\t\t\t\t<div class=\"elementor-column elementor-col-100 elementor-top-column elementor-element elementor-element-3925e25d\" data-id=\"3925e25d\" data-element_type=\"column\" data-e-type=\"column\">\n\t\t\t<div class=\"elementor-widget-wrap elementor-element-populated\">\n\t\t\t\t\t\t<div class=\"elementor-element elementor-element-4ee7e74 elementor-widget elementor-widget-elementskit-back-to-top\" data-id=\"4ee7e74\" data-element_type=\"widget\" data-e-type=\"widget\" data-widget_type=\"elementskit-back-to-top.default\">\n\t\t\t\t<div class=\"elementor-widget-container\">\n\t\t\t\t\t<div class=\"ekit-wid-con\" >\t\t\t<div class=\"ekit-back-to-top-container ekit-btt icon_only\" data-settings=\"{&quot;offset_top&quot;:0,&quot;show_after&quot;:400,&quot;show_scroll&quot;:&quot;yes&quot;,&quot;style&quot;:&quot;icon_only&quot;,&quot;foreground&quot;:null,&quot;background&quot;:null}\"> \n\t\t\t\t<span class=\"ekit-btt__button yes\">\n\t\t\t\t\t<i aria-hidden=\"true\" class=\"fas fa-arrow-up\"><\/i>\t\t\t\t<\/span>\n\t\t\t<\/div>\n\t\t<\/div>\t\t\t\t<\/div>\n\t\t\t\t<\/div>\n\t\t\t\t\t<\/div>\n\t\t<\/div>\n\t\t\t\t\t<\/div>\n\t\t<\/section>\n\t\t\t\t<section class=\"elementor-section elementor-top-section elementor-element elementor-element-dc1d873 elementor-section-boxed elementor-section-height-default elementor-section-height-default\" data-id=\"dc1d873\" data-element_type=\"section\" data-e-type=\"section\" data-settings=\"{&quot;background_background&quot;:&quot;classic&quot;}\">\n\t\t\t\t\t\t\t<div class=\"elementor-background-overlay\"><\/div>\n\t\t\t\t\t\t\t<div class=\"elementor-container elementor-column-gap-narrow\">\n\t\t\t\t\t<div class=\"elementor-column elementor-col-100 elementor-top-column elementor-element elementor-element-e1fbc91\" data-id=\"e1fbc91\" data-element_type=\"column\" data-e-type=\"column\" data-settings=\"{&quot;background_background&quot;:&quot;classic&quot;}\">\n\t\t\t<div class=\"elementor-widget-wrap elementor-element-populated\">\n\t\t\t\t\t\t<div class=\"elementor-element elementor-element-05e0356 elementor-widget elementor-widget-image\" data-id=\"05e0356\" data-element_type=\"widget\" data-e-type=\"widget\" data-widget_type=\"image.default\">\n\t\t\t\t<div class=\"elementor-widget-container\">\n\t\t\t\t\t\t\t\t\t\t\t\t\t\t\t<img decoding=\"async\" width=\"800\" height=\"325\" src=\"https:\/\/phuketfresh.com\/wp-content\/uploads\/2026\/02\/Beige-sin-fondo-scaled-e1770097598115-1024x416.png\" class=\"attachment-large size-large wp-image-1521\" alt=\"\" srcset=\"https:\/\/phuketfresh.com\/wp-content\/uploads\/2026\/02\/Beige-sin-fondo-scaled-e1770097598115-1024x416.png 1024w, https:\/\/phuketfresh.com\/wp-content\/uploads\/2026\/02\/Beige-sin-fondo-scaled-e1770097598115-300x122.png 300w, https:\/\/phuketfresh.com\/wp-content\/uploads\/2026\/02\/Beige-sin-fondo-scaled-e1770097598115-768x312.png 768w, https:\/\/phuketfresh.com\/wp-content\/uploads\/2026\/02\/Beige-sin-fondo-scaled-e1770097598115-18x7.png 18w, https:\/\/phuketfresh.com\/wp-content\/uploads\/2026\/02\/Beige-sin-fondo-scaled-e1770097598115.png 1335w\" sizes=\"(max-width: 800px) 100vw, 800px\" \/>\t\t\t\t\t\t\t\t\t\t\t\t\t\t\t<\/div>\n\t\t\t\t<\/div>\n\t\t\t\t<div class=\"elementor-element elementor-element-3a32101 elementor-widget elementor-widget-heading\" data-id=\"3a32101\" data-element_type=\"widget\" data-e-type=\"widget\" data-widget_type=\"heading.default\">\n\t\t\t\t<div class=\"elementor-widget-container\">\n\t\t\t\t\t<h2 class=\"elementor-heading-title elementor-size-default\">Nacido en volc\u00e1n, tostado con fuego<\/h2>\t\t\t\t<\/div>\n\t\t\t\t<\/div>\n\t\t\t\t<div class=\"elementor-element elementor-element-fb35578 elementor-widget elementor-widget-heading\" data-id=\"fb35578\" data-element_type=\"widget\" data-e-type=\"widget\" data-widget_type=\"heading.default\">\n\t\t\t\t<div class=\"elementor-widget-container\">\n\t\t\t\t\t<h2 class=\"elementor-heading-title elementor-size-default\">L\u00e1grima Negra es caf\u00e9 de altura, cultivado en tierras volc\u00e1nicas de Guatemala.<\/h2>\t\t\t\t<\/div>\n\t\t\t\t<\/div>\n\t\t\t\t<div class=\"elementor-element elementor-element-7ff4a9f elementor-align-center elementor-widget elementor-widget-button\" data-id=\"7ff4a9f\" data-element_type=\"widget\" data-e-type=\"widget\" data-widget_type=\"button.default\">\n\t\t\t\t<div class=\"elementor-widget-container\">\n\t\t\t\t\t\t\t\t\t<div class=\"elementor-button-wrapper\">\n\t\t\t\t\t<a class=\"elementor-button elementor-button-link elementor-size-sm\" href=\"https:\/\/lagrimanegra.coffee\/\">\n\t\t\t\t\t\t<span class=\"elementor-button-content-wrapper\">\n\t\t\t\t\t\t<span class=\"elementor-button-icon\">\n\t\t\t\t<i aria-hidden=\"true\" class=\"fas fa-arrow-right\"><\/i>\t\t\t<\/span>\n\t\t\t\t\t\t\t\t\t<span class=\"elementor-button-text\">Conoce M\u00e1s<\/span>\n\t\t\t\t\t<\/span>\n\t\t\t\t\t<\/a>\n\t\t\t\t<\/div>\n\t\t\t\t\t\t\t\t<\/div>\n\t\t\t\t<\/div>\n\t\t\t\t\t<\/div>\n\t\t<\/div>\n\t\t\t\t\t<\/div>\n\t\t<\/section>\n\t\t\t\t<\/div>","protected":false},"excerpt":{"rendered":"<p>Back to Products Coffee Coffee Whole Bean Coffee NET WT. 15.63 oz (443 g) Regions:Antigua Guatemala, Cob\u00e1n, Huehuetenango, Atitl\u00e1n, Acatenango 100% Natural &#8211; Non GMO Retail bags Available presentations (gr):50 \/ 175 \/ 350 \/ 443 Born in a volcano, roasted by fire L\u00e1grima Negra is a high-altitude coffee, grown in the volcanic lands of [&hellip;]<\/p>\n","protected":false},"author":1,"featured_media":0,"parent":0,"menu_order":0,"comment_status":"closed","ping_status":"closed","template":"","meta":{"_coblocks_attr":"","_coblocks_dimensions":"","_coblocks_responsive_height":"","_coblocks_accordion_ie_support":"","_monsterinsights_skip_tracking":false,"_monsterinsights_sitenote_active":false,"_monsterinsights_sitenote_note":"","_monsterinsights_sitenote_category":0,"_uf_show_specific_survey":0,"_uf_disable_surveys":false,"footnotes":""},"class_list":["post-629","page","type-page","status-publish","hentry"],"aioseo_notices":[],"yoast_head":"<!-- This site is optimized with the Yoast SEO plugin v27.6 - https:\/\/yoast.com\/product\/yoast-seo-wordpress\/ -->\n<title>Coffee - Phuket Fresh<\/title>\n<meta name=\"robots\" content=\"index, follow, max-snippet:-1, max-image-preview:large, max-video-preview:-1\" \/>\n<link rel=\"canonical\" href=\"https:\/\/phuketfresh.com\/esp\/coffee\/\" \/>\n<meta property=\"og:locale\" content=\"es_ES\" \/>\n<meta property=\"og:type\" content=\"article\" \/>\n<meta property=\"og:title\" content=\"Coffee - Phuket Fresh\" \/>\n<meta property=\"og:description\" content=\"Back to Products Coffee Coffee Whole Bean Coffee NET WT. 15.63 oz (443 g) Regions:Antigua Guatemala, Cob\u00e1n, Huehuetenango, Atitl\u00e1n, Acatenango 100% Natural &#8211; Non GMO Retail bags Available presentations (gr):50 \/ 175 \/ 350 \/ 443 Born in a volcano, roasted by fire L\u00e1grima Negra is a high-altitude coffee, grown in the volcanic lands of [&hellip;]\" \/>\n<meta property=\"og:url\" content=\"https:\/\/phuketfresh.com\/esp\/coffee\/\" \/>\n<meta property=\"og:site_name\" content=\"Phuket Fresh\" \/>\n<meta property=\"article:modified_time\" content=\"2026-02-03T15:14:50+00:00\" \/>\n<meta property=\"og:image\" content=\"https:\/\/phuketfresh.com\/wp-content\/uploads\/2021\/10\/Coffee-group-2-1024x410.png\" \/>\n\t<meta property=\"og:image:width\" content=\"1024\" \/>\n\t<meta property=\"og:image:height\" content=\"410\" \/>\n\t<meta property=\"og:image:type\" content=\"image\/png\" \/>\n<meta name=\"twitter:card\" content=\"summary_large_image\" \/>\n<meta name=\"twitter:label1\" content=\"Tiempo de lectura\" \/>\n\t<meta name=\"twitter:data1\" content=\"1 minuto\" \/>\n<script type=\"application\/ld+json\" class=\"yoast-schema-graph\">{\"@context\":\"https:\\\/\\\/schema.org\",\"@graph\":[{\"@type\":\"WebPage\",\"@id\":\"https:\\\/\\\/phuketfresh.com\\\/coffee\\\/\",\"url\":\"https:\\\/\\\/phuketfresh.com\\\/coffee\\\/\",\"name\":\"Coffee - Phuket Fresh\",\"isPartOf\":{\"@id\":\"https:\\\/\\\/phuketfresh.com\\\/#website\"},\"primaryImageOfPage\":{\"@id\":\"https:\\\/\\\/phuketfresh.com\\\/coffee\\\/#primaryimage\"},\"image\":{\"@id\":\"https:\\\/\\\/phuketfresh.com\\\/coffee\\\/#primaryimage\"},\"thumbnailUrl\":\"https:\\\/\\\/phuketfresh.com\\\/wp-content\\\/uploads\\\/2021\\\/10\\\/Coffee-group-2.png\",\"datePublished\":\"2021-10-12T01:26:47+00:00\",\"dateModified\":\"2026-02-03T15:14:50+00:00\",\"breadcrumb\":{\"@id\":\"https:\\\/\\\/phuketfresh.com\\\/coffee\\\/#breadcrumb\"},\"inLanguage\":\"es\",\"potentialAction\":[{\"@type\":\"ReadAction\",\"target\":[\"https:\\\/\\\/phuketfresh.com\\\/coffee\\\/\"]}]},{\"@type\":\"ImageObject\",\"inLanguage\":\"es\",\"@id\":\"https:\\\/\\\/phuketfresh.com\\\/coffee\\\/#primaryimage\",\"url\":\"https:\\\/\\\/phuketfresh.com\\\/wp-content\\\/uploads\\\/2021\\\/10\\\/Coffee-group-2.png\",\"contentUrl\":\"https:\\\/\\\/phuketfresh.com\\\/wp-content\\\/uploads\\\/2021\\\/10\\\/Coffee-group-2.png\"},{\"@type\":\"BreadcrumbList\",\"@id\":\"https:\\\/\\\/phuketfresh.com\\\/coffee\\\/#breadcrumb\",\"itemListElement\":[{\"@type\":\"ListItem\",\"position\":1,\"name\":\"Home\",\"item\":\"https:\\\/\\\/phuketfresh.com\\\/\"},{\"@type\":\"ListItem\",\"position\":2,\"name\":\"Coffee\"}]},{\"@type\":\"WebSite\",\"@id\":\"https:\\\/\\\/phuketfresh.com\\\/#website\",\"url\":\"https:\\\/\\\/phuketfresh.com\\\/\",\"name\":\"Phuket Fresh\",\"description\":\"Phuket Fresh\",\"publisher\":{\"@id\":\"https:\\\/\\\/phuketfresh.com\\\/#organization\"},\"potentialAction\":[{\"@type\":\"SearchAction\",\"target\":{\"@type\":\"EntryPoint\",\"urlTemplate\":\"https:\\\/\\\/phuketfresh.com\\\/?s={search_term_string}\"},\"query-input\":{\"@type\":\"PropertyValueSpecification\",\"valueRequired\":true,\"valueName\":\"search_term_string\"}}],\"inLanguage\":\"es\"},{\"@type\":\"Organization\",\"@id\":\"https:\\\/\\\/phuketfresh.com\\\/#organization\",\"name\":\"Phuket Fresh\",\"url\":\"https:\\\/\\\/phuketfresh.com\\\/\",\"logo\":{\"@type\":\"ImageObject\",\"inLanguage\":\"es\",\"@id\":\"https:\\\/\\\/phuketfresh.com\\\/#\\\/schema\\\/logo\\\/image\\\/\",\"url\":\"https:\\\/\\\/secureservercdn.net\\\/72.167.241.46\\\/y7i.00f.myftpupload.com\\\/wp-content\\\/uploads\\\/2021\\\/09\\\/favicon-Phuket-Fresh-1.png?time=1657801377\",\"contentUrl\":\"https:\\\/\\\/secureservercdn.net\\\/72.167.241.46\\\/y7i.00f.myftpupload.com\\\/wp-content\\\/uploads\\\/2021\\\/09\\\/favicon-Phuket-Fresh-1.png?time=1657801377\",\"width\":180,\"height\":180,\"caption\":\"Phuket Fresh\"},\"image\":{\"@id\":\"https:\\\/\\\/phuketfresh.com\\\/#\\\/schema\\\/logo\\\/image\\\/\"}}]}<\/script>\n<!-- \/ Yoast SEO plugin. -->","yoast_head_json":{"title":"Coffee - Phuket Fresh","robots":{"index":"index","follow":"follow","max-snippet":"max-snippet:-1","max-image-preview":"max-image-preview:large","max-video-preview":"max-video-preview:-1"},"canonical":"https:\/\/phuketfresh.com\/esp\/coffee\/","og_locale":"es_ES","og_type":"article","og_title":"Coffee - Phuket Fresh","og_description":"Back to Products Coffee Coffee Whole Bean Coffee NET WT. 15.63 oz (443 g) Regions:Antigua Guatemala, Cob\u00e1n, Huehuetenango, Atitl\u00e1n, Acatenango 100% Natural &#8211; Non GMO Retail bags Available presentations (gr):50 \/ 175 \/ 350 \/ 443 Born in a volcano, roasted by fire L\u00e1grima Negra is a high-altitude coffee, grown in the volcanic lands of [&hellip;]","og_url":"https:\/\/phuketfresh.com\/esp\/coffee\/","og_site_name":"Phuket Fresh","article_modified_time":"2026-02-03T15:14:50+00:00","og_image":[{"width":1024,"height":410,"url":"https:\/\/phuketfresh.com\/wp-content\/uploads\/2021\/10\/Coffee-group-2-1024x410.png","type":"image\/png"}],"twitter_card":"summary_large_image","twitter_misc":{"Tiempo de lectura":"1 minuto"},"schema":{"@context":"https:\/\/schema.org","@graph":[{"@type":"WebPage","@id":"https:\/\/phuketfresh.com\/coffee\/","url":"https:\/\/phuketfresh.com\/coffee\/","name":"Coffee - Phuket Fresh","isPartOf":{"@id":"https:\/\/phuketfresh.com\/#website"},"primaryImageOfPage":{"@id":"https:\/\/phuketfresh.com\/coffee\/#primaryimage"},"image":{"@id":"https:\/\/phuketfresh.com\/coffee\/#primaryimage"},"thumbnailUrl":"https:\/\/phuketfresh.com\/wp-content\/uploads\/2021\/10\/Coffee-group-2.png","datePublished":"2021-10-12T01:26:47+00:00","dateModified":"2026-02-03T15:14:50+00:00","breadcrumb":{"@id":"https:\/\/phuketfresh.com\/coffee\/#breadcrumb"},"inLanguage":"es","potentialAction":[{"@type":"ReadAction","target":["https:\/\/phuketfresh.com\/coffee\/"]}]},{"@type":"ImageObject","inLanguage":"es","@id":"https:\/\/phuketfresh.com\/coffee\/#primaryimage","url":"https:\/\/phuketfresh.com\/wp-content\/uploads\/2021\/10\/Coffee-group-2.png","contentUrl":"https:\/\/phuketfresh.com\/wp-content\/uploads\/2021\/10\/Coffee-group-2.png"},{"@type":"BreadcrumbList","@id":"https:\/\/phuketfresh.com\/coffee\/#breadcrumb","itemListElement":[{"@type":"ListItem","position":1,"name":"Home","item":"https:\/\/phuketfresh.com\/"},{"@type":"ListItem","position":2,"name":"Coffee"}]},{"@type":"WebSite","@id":"https:\/\/phuketfresh.com\/#website","url":"https:\/\/phuketfresh.com\/","name":"Phuket Fresh","description":"Phuket Fresh","publisher":{"@id":"https:\/\/phuketfresh.com\/#organization"},"potentialAction":[{"@type":"SearchAction","target":{"@type":"EntryPoint","urlTemplate":"https:\/\/phuketfresh.com\/?s={search_term_string}"},"query-input":{"@type":"PropertyValueSpecification","valueRequired":true,"valueName":"search_term_string"}}],"inLanguage":"es"},{"@type":"Organization","@id":"https:\/\/phuketfresh.com\/#organization","name":"Phuket Fresh","url":"https:\/\/phuketfresh.com\/","logo":{"@type":"ImageObject","inLanguage":"es","@id":"https:\/\/phuketfresh.com\/#\/schema\/logo\/image\/","url":"https:\/\/secureservercdn.net\/72.167.241.46\/y7i.00f.myftpupload.com\/wp-content\/uploads\/2021\/09\/favicon-Phuket-Fresh-1.png?time=1657801377","contentUrl":"https:\/\/secureservercdn.net\/72.167.241.46\/y7i.00f.myftpupload.com\/wp-content\/uploads\/2021\/09\/favicon-Phuket-Fresh-1.png?time=1657801377","width":180,"height":180,"caption":"Phuket Fresh"},"image":{"@id":"https:\/\/phuketfresh.com\/#\/schema\/logo\/image\/"}}]}},"_links":{"self":[{"href":"https:\/\/phuketfresh.com\/esp\/wp-json\/wp\/v2\/pages\/629","targetHints":{"allow":["GET"]}}],"collection":[{"href":"https:\/\/phuketfresh.com\/esp\/wp-json\/wp\/v2\/pages"}],"about":[{"href":"https:\/\/phuketfresh.com\/esp\/wp-json\/wp\/v2\/types\/page"}],"author":[{"embeddable":true,"href":"https:\/\/phuketfresh.com\/esp\/wp-json\/wp\/v2\/users\/1"}],"replies":[{"embeddable":true,"href":"https:\/\/phuketfresh.com\/esp\/wp-json\/wp\/v2\/comments?post=629"}],"version-history":[{"count":49,"href":"https:\/\/phuketfresh.com\/esp\/wp-json\/wp\/v2\/pages\/629\/revisions"}],"predecessor-version":[{"id":1530,"href":"https:\/\/phuketfresh.com\/esp\/wp-json\/wp\/v2\/pages\/629\/revisions\/1530"}],"wp:attachment":[{"href":"https:\/\/phuketfresh.com\/esp\/wp-json\/wp\/v2\/media?parent=629"}],"curies":[{"name":"wp","href":"https:\/\/api.w.org\/{rel}","templated":true}]}}